{"id":399,"date":"2010-04-09T12:48:31","date_gmt":"2010-04-09T10:48:31","guid":{"rendered":"http:\/\/www.climbingsessions.com\/?page_id=399"},"modified":"2010-06-07T15:07:24","modified_gmt":"2010-06-07T13:07:24","slug":"impressum","status":"publish","type":"page","link":"http:\/\/www.climbingsessions.com\/?page_id=399","title":{"rendered":"Impressum"},"content":{"rendered":"<h5>Impressum<\/h5>\n<h6>Nils Sch\u00fctzenberger<\/h6>\n<p>St.-Cajetan-Str. 12<br \/>\n81669 M\u00fcnchen<br \/>\nGermany<\/p>\n<p>Handy: 0049 (0) 175 &#8211; 527 14 66<br \/>\nE-Mail: info(at)climbingsessions.com<a href=\"http:\/\/\"><br \/>\n<\/a>Internet:  <a href=\"http:\/\/www.climbing.de\/\" target=\"_top\">www.climbingsessions.com<\/a><\/p>\n<p>Umsatzsteuer-Identifikationsnummer: DE 227379429<\/p>\n<p>\ufeff_____________________________________________________________________________________________________________________________________________<\/p>\n<p>Haftungsausschluss<\/p>\n<p>Gem\u00e4\u00df \u00a7 5 Abs.1 TDG sind wir ausschlie\u00dflich nur f\u00fcr die eigenen  Inhalte verantwortlich. F\u00fcr Links auf fremde Inhalte dritter Anbieter  sind wir gem\u00e4\u00df \u00a7 5 Abs.2 TDG nur verantwortlich, wenn wir von einem  rechtswidrigen oder strafbaren Gehalt positive Kenntnis haben und es  technisch m\u00f6glich und zumutbar ist, deren Nutzung zu verhindern. Auch  sind wir nicht verpflichtet, in periodischen Abst\u00e4nden den Inhalt von  Angeboten Dritter auf deren Rechtswidrigkeit oder Strafbarkeit zu  \u00fcberpr\u00fcfen. Sobald wir von dem rechtswidrigen Inhalt der Web-Seiten  Dritter erfahren, wird der entsprechende Link von unserer Seite  entfernt. Weiterhin m\u00f6chten wir ausdr\u00fccklich betonen, dass wir keinerlei  Einfluss auf die Gestaltung und die Inhalte der gelinkten Seiten haben.  Deshalb distanzieren wir uns hiermit ausdr\u00fccklich von allen Inhalten  aller gelinkten Seiten auf der gesamten Website inkl. aller Unterseiten.  Diese Erkl\u00e4rung gilt f\u00fcr alle auf der Homepage ausgebrachten Links und  f\u00fcr alle Inhalte der Seiten, zu denen Links oder Banner f\u00fchren. Sollten  Inhalte dieser Internetangebote gegen geltendes Urheberrecht oder das  Markengesetz versto\u00dfen, werden diese auf Hinweis schnellstm\u00f6glich  entfernt.<\/p>\n","protected":false},"excerpt":{"rendered":"<p>Impressum Nils Sch\u00fctzenberger St.-Cajetan-Str. 12 81669 M\u00fcnchen Germany Handy: 0049 (0) 175 &#8211; 527 14 66 E-Mail: info(at)climbingsessions.com Internet: www.climbingsessions.com Umsatzsteuer-Identifikationsnummer: DE 227379429 \ufeff_____________________________________________________________________________________________________________________________________________ Haftungsausschluss Gem\u00e4\u00df \u00a7 5 Abs.1 TDG sind wir ausschlie\u00dflich nur f\u00fcr die eigenen Inhalte verantwortlich. F\u00fcr Links auf fremde Inhalte dritter Anbieter sind wir gem\u00e4\u00df \u00a7 5 Abs.2 TDG nur verantwortlich, [&hellip;]<\/p>\n","protected":false},"author":1,"featured_media":0,"parent":0,"menu_order":600,"comment_status":"closed","ping_status":"closed","template":"","meta":{"footnotes":""},"class_list":["post-399","page","type-page","status-publish","hentry"],"_links":{"self":[{"href":"http:\/\/www.climbingsessions.com\/index.php?rest_route=\/wp\/v2\/pages\/399","targetHints":{"allow":["GET"]}}],"collection":[{"href":"http:\/\/www.climbingsessions.com\/index.php?rest_route=\/wp\/v2\/pages"}],"about":[{"href":"http:\/\/www.climbingsessions.com\/index.php?rest_route=\/wp\/v2\/types\/page"}],"author":[{"embeddable":true,"href":"http:\/\/www.climbingsessions.com\/index.php?rest_route=\/wp\/v2\/users\/1"}],"replies":[{"embeddable":true,"href":"http:\/\/www.climbingsessions.com\/index.php?rest_route=%2Fwp%2Fv2%2Fcomments&post=399"}],"version-history":[{"count":10,"href":"http:\/\/www.climbingsessions.com\/index.php?rest_route=\/wp\/v2\/pages\/399\/revisions"}],"predecessor-version":[{"id":414,"href":"http:\/\/www.climbingsessions.com\/index.php?rest_route=\/wp\/v2\/pages\/399\/revisions\/414"}],"wp:attachment":[{"href":"http:\/\/www.climbingsessions.com\/index.php?rest_route=%2Fwp%2Fv2%2Fmedia&parent=399"}],"curies":[{"name":"wp","href":"https:\/\/api.w.org\/{rel}","templated":true}]}}