{"id":19,"date":"2010-04-06T19:48:32","date_gmt":"2010-04-06T17:48:32","guid":{"rendered":"http:\/\/www.climbingsessions.com\/?page_id=19"},"modified":"2026-02-03T13:46:25","modified_gmt":"2026-02-03T12:46:25","slug":"trainer","status":"publish","type":"page","link":"http:\/\/www.climbingsessions.com\/?page_id=19","title":{"rendered":"TRAINER"},"content":{"rendered":"<h6>Seit 1980 bin ich in den Disziplinen <a href=\"http:\/\/www.climbingsessions.com\/trainer\/bergtageb\/\" rel=\"attachment wp-att-392\">Alpin-<\/a>, <a href=\"http:\/\/www.8a.nu\/?IncPage=http%3A\/\/www.8a.nu\/User\/Profile.aspx%3FUserId%3D8144\" target=\"_blank\" rel=\"noopener\">Sport-<\/a>, <a href=\"http:\/\/www.digitalrock.de\/pstambl.php?person=7508&amp;cat=4\" target=\"_blank\" rel=\"noopener\">Wettkampfklettern<\/a> und <a href=\"http:\/\/www.8a.nu\/?IncPage=http%3A\/\/www.8a.nu\/User\/Profile.aspx%3FUserId%3D8144\" target=\"_blank\" rel=\"noopener\">Bouldern<\/a> aktiv. Qualifikationsnachweise: Fach\u00fcbungsleiter Alpinklettern (DAV), Trainer A-Leistungssport (DOSB), nationale Schiedsrichter B-Lizenz, Mitglied der DAV-Bundeslehrteams Klettern Breitensport und Leistungssport, lizensierter Landeswettkampfroutenbauer. Ich leite: Leistungskader des bundesweit gr\u00f6\u00dften Jugendf\u00f6rdersystems der DAV-Sektionen M\u00fcnchen und Oberland und bin deren &#8222;Vor-Ort-Organisator&#8220;. Seit 2007 geh\u00f6re ich zum Trainerstamm der Rotpunktschule. Spezialtrainings\/Coaching sind mein Steckenpferd!<\/h6>\n<p>__________________________________________________________________________________________________________________________________________________________________<\/p>\n<h5 style=\"text-align: center;\">Meine Grunds\u00e4tze als Trainer:<\/h5>\n<p style=\"text-align: center;\"><a href=\"http:\/\/www.climbingsessions.com\/trainer\/06-10-20-gilching-eroffnung\/\" rel=\"attachment wp-att-169\"><img loading=\"lazy\" decoding=\"async\" class=\"alignleft size-medium wp-image-169\" title=\"Routentaktik\" src=\"http:\/\/www.climbingsessions.com\/wp-content\/uploads\/2010\/04\/06-10-20-gilching-er\u00f6ffnung-300x199.jpg\" alt=\"\" width=\"300\" height=\"199\" srcset=\"http:\/\/www.climbingsessions.com\/wp-content\/uploads\/2010\/04\/06-10-20-gilching-er\u00f6ffnung-300x199.jpg 300w, http:\/\/www.climbingsessions.com\/wp-content\/uploads\/2010\/04\/06-10-20-gilching-er\u00f6ffnung.jpg 640w\" sizes=\"auto, (max-width: 300px) 100vw, 300px\" \/><\/a><\/p>\n<h6 style=\"text-align: center;\">&#8211; Sicherheit zuerst<\/h6>\n<h6 style=\"text-align: center;\">&#8211; Motivation ist die Nr. 1<\/h6>\n<h6 style=\"text-align: center;\">&#8211; Qualit\u00e4t vor Quantit\u00e4t<\/h6>\n<p style=\"text-align: left;\"><img decoding=\"async\" src=\"file:\/\/\/C:\/Akten\/arbeit\/Firma\/Klettern\/M%C3%BCnchen-Oberland\/kletterteam\/2006\/06-10-21-gilching-er%C3%B6ffnung\/06-10-20-gilching-photos\/DSC_0001.jpg\" alt=\"\" \/><\/p>\n<p style=\"text-align: left;\">Auf meinem BLOG werden in loser Folge Trainertips eingestellt, die m\u00f6glicherweise interessant sind&#8230;<\/p>\n<p style=\"text-align: right;\">_____________________________________________________________________________________________________________________________________________<\/p>\n","protected":false},"excerpt":{"rendered":"<p>Seit 1980 bin ich in den Disziplinen Alpin-, Sport-, Wettkampfklettern und Bouldern aktiv. Qualifikationsnachweise: Fach\u00fcbungsleiter Alpinklettern (DAV), Trainer A-Leistungssport (DOSB), nationale Schiedsrichter B-Lizenz, Mitglied der DAV-Bundeslehrteams Klettern Breitensport und Leistungssport, lizensierter Landeswettkampfroutenbauer. Ich leite: Leistungskader des bundesweit gr\u00f6\u00dften Jugendf\u00f6rdersystems der DAV-Sektionen M\u00fcnchen und Oberland und bin deren &#8222;Vor-Ort-Organisator&#8220;. Seit 2007 geh\u00f6re ich zum Trainerstamm der [&hellip;]<\/p>\n","protected":false},"author":1,"featured_media":0,"parent":0,"menu_order":100,"comment_status":"closed","ping_status":"closed","template":"","meta":{"footnotes":""},"class_list":["post-19","page","type-page","status-publish","hentry"],"_links":{"self":[{"href":"http:\/\/www.climbingsessions.com\/index.php?rest_route=\/wp\/v2\/pages\/19","targetHints":{"allow":["GET"]}}],"collection":[{"href":"http:\/\/www.climbingsessions.com\/index.php?rest_route=\/wp\/v2\/pages"}],"about":[{"href":"http:\/\/www.climbingsessions.com\/index.php?rest_route=\/wp\/v2\/types\/page"}],"author":[{"embeddable":true,"href":"http:\/\/www.climbingsessions.com\/index.php?rest_route=\/wp\/v2\/users\/1"}],"replies":[{"embeddable":true,"href":"http:\/\/www.climbingsessions.com\/index.php?rest_route=%2Fwp%2Fv2%2Fcomments&post=19"}],"version-history":[{"count":51,"href":"http:\/\/www.climbingsessions.com\/index.php?rest_route=\/wp\/v2\/pages\/19\/revisions"}],"predecessor-version":[{"id":6339,"href":"http:\/\/www.climbingsessions.com\/index.php?rest_route=\/wp\/v2\/pages\/19\/revisions\/6339"}],"wp:attachment":[{"href":"http:\/\/www.climbingsessions.com\/index.php?rest_route=%2Fwp%2Fv2%2Fmedia&parent=19"}],"curies":[{"name":"wp","href":"https:\/\/api.w.org\/{rel}","templated":true}]}}